0132111
What is -200422321 (base 5) in base 8?
-3021310
Convert -3798d1 (base 16) to base 7.
-42653513
What is -11880 (base 14) in base 15?
-ca60
-458410 (base 9) to base 4
-1003023132
Convert 124534 (base 10) to base 6.
2400314
-1111110100111011101110 (base 2) to base 3
-21210210022201
-24612511 (base 7) to base 10
-2221864
3386276 (base 9) to base 14
358559
Convert -dbaac (base 15) to base 3.
-1022110000100
Convert 600649 (base 10) to base 9.
1114837
Convert 4a332 (base 16) to base 8.
1121462
Convert -24310 (base 7) to base 11.
-4833
-28c7ed (base 16) to base 6
-133141125
What is 13020102 (base 6) in base 12?
184632
302128 (base 11) to base 15
98ecb
What is -55655342 (base 7) in base 8?
-22307333
What is -337251 (base 11) in base 8?
-2030163
What is 2605e7 (base 15) in base 8?
6752142
What is -608551 (base 9) in base 13?
-c8179
Convert 3a71115 (base 11) to base 10.
7029148
Convert 12101010120 (base 3) to base 4.
121311021
What is -47a13 (base 12) in base 9?
-156326
15145 (base 8) to base 14
2669
Convert 8c5656 (base 13) to base 10.
3325146
Convert -753266 (base 8) to base 7.
-2065311
What is -3f743 (base 16) in base 4?
-333131003
Convert -102113005 (base 6) to base 4.
-12303031331
-1525472 (base 10) to base 3
-2212111112222
What is ab21b (base 12) in base 3?
102111221112
What is -c2b80c (base 15) in base 11?
-524a754
Convert -2251435 (base 8) to base 11.
-388147
Convert -102100220100112 (base 3) to base 13.
-1336712
What is 1f1957 (base 16) in base 11?
1172291
Convert -6301912 (base 10) to base 2.
-11000000010100011011000
-2a7df1 (base 16) to base 14
-526bcd
Convert -100404 (base 9) to base 2.
-1110011111110001
-1110000000100100011101 (base 2) to base 4
-32000210131
What is 2571 (base 10) in base 4?
220023
-2001104034 (base 5) to base 13
-a759c0
21cc (base 15) to base 6
53103
40b42 (base 14) to base 5
14442003
Convert -3ba415 (base 13) to base 11.
-900a41
Convert -9155733 (base 11) to base 16.
-f6f9f3
What is -1110101100100001 (base 2) in base 6?
-1142401
What is -20202201032 (base 4) in base 7?
-25012235
What is d31e6 (base 15) in base 13?
1a549a
-9477 (base 11) to base 4
-3010003
1100010000001110010111 (base 2) to base 9
6035252
Convert -51aa90 (base 13) to base 8.
-7220103
Convert 1386879 (base 10) to base 8.
5224577
What is 1c16a (base 15) in base 5?
10411300
What is -593a (base 16) in base 12?
-11276
Convert -a6044 (base 11) to base 12.
-75464
What is -1110000111111000000000 (base 2) in base 16?
-387e00
1314041210 (base 5) to base 4
30131323101
24031043 (base 5) to base 8
657145
572124 (base 15) to base 3
21211021001121
Convert -3203030323 (base 4) to base 10.
-930619
What is 45935 (base 14) in base 11?
106134
What is -2107241 (base 9) in base 6?
-40054401
What is -145504 (base 8) in base 2?
-1100101101000100
Convert -a121c (base 16) to base 4.
-2201020130
-62dc (base 15) to base 12
-10123
649648 (base 12) to base 9
2886332
Convert 11101011101001010000 (base 2) to base 16.
eba50
What is -2028a (base 15) in base 16?
-18dc6
-10001001011011011110 (base 2) to base 7
-4533065
3304515 (base 6) to base 16
281ff
Convert 485609 (base 12) to base 8.
4356451
What is 5513521 (base 10) in base 3?
101101010010111
Convert 247732 (base 8) to base 14.
23494
24301204 (base 6) to base 2
10111100000001000100
What is 10111011111001100 (base 2) in base 12?
47810
What is -85583 (base 9) in base 14?
-168bb
What is 5426504 (base 8) in base 10?
1453380
Convert 76995 (base 15) to base 10.
376790
369831 (base 13) to base 5
313301120
What is -29e9a (base 15) in base 11?
-92405
9b64 (base 14) to base 13
c354
Convert -9b95 (base 13) to base 12.
-1070a
Convert -2202221111120 (base 3) to base 8.
-5501075
Convert -5803636 (base 10) to base 11.
-33043a3
Convert 2155055 (base 6) to base 2.
11010100010001011
What is caa76 (base 14) in base 8?
1676000
Convert 30996 (base 14) to base 2.
11100100110011000
Convert 1202110212221 (base 3) to base 11.
589111
Convert 1023331310 (base 4) to base 5.
34424111
Convert -5714256 (base 9) to base 16.
-2f002e
788896 (base 11) to base 8
4625416
What is -106670 (base 12) in base 16?
-3f834
What is -11235003 (base 6) in base 8?
-1245753
What is -1996350 (base 10) in base 9?
-3672426
What is -617a3 (base 11) in base 3?
-11120122102
Convert 6441 (base 12) to base 2.
10101011110001
What is -110212110020 (base 3) in base 9?
-425406
Convert 140120 (base 5) to base 16.
161c
-34154316 (base 8) to base 7
-116601216
What is -5289c2 (base 14) in base 3?
-12020201221100
What is -267a19 (base 15) in base 2?
-111000011010001001111
2221011222 (base 3) to base 15
12185
12100211110 (base 3) to base 9
170743
-110330312 (base 4) to base 15
-1a65e
Convert -10190b5 (base 12) to base 11.
-1784865
-69c40 (base 13) to base 5
-22140334
What is 9a944b (base 15) in base 12?
257622b
2733615 (base 9) to base 7
15511040
What is 103453313 (base 6) in base 15?
26a773
-739320 (base 11) to base 7
-13026600
Convert 1614161 (base 8) to base 10.
465009
-2111635 (base 9) to base 11
-701876
Convert 600621 (base 7) to base 2.
11000101100011111
What is -11045545 (base 6) in base 7?
-2555015
Convert 613a84 (base 12) to base 14.
2b815a
What is 9639 (base 14) in base 6?
320003
What is 2102122222 (base 4) in base 13?
17cc86
What is 1598266 (base 10) in base 13?
43c627
-7b9a (base 15) to base 3
-1100000001
What is -411003 (base 8) in base 14?
-37639
What is -22002012010012 (base 3) in base 12?
-1531395
Convert -101112102110120 (base 3) to base 6.
-315554110
101844 (base 10) to base 9
164630
What is 169009 (base 13) in base 15?
b19b1
266925 (base 10) to base 15
54150
100100210220 (base 3) to base 8
547753
Convert 201220120022 (base 3) to base 12.
16a952
What is -20034410 (base 6) in base 15?
-b2519
-7512e (base 15) to base 11
-234145
What is -243050335 (base 6) in base 3?
-22201000001212
-21279 (base 11) to base 14
-b3c1
Convert -33062410 (base 7) to base 14.
-53c807
Convert -11253146 (base 7) to base 10.
-987923
1085369 (base 11) to base 7
22054030
What is 34706 (base 10) in base 5?
2102311
Convert -13662b (base 14) to base 4.
-2203300133
What is 12001120002120 (base 3) in base 15?
38162c
-62b791 (base 12) to base 4
-11323202131
-1220 (base 6) to base 9
-363
Convert 133322321 (base 4) to base 11.
8a25a
What is -131850 (base 10) in base 9?
-220770
What is -66a581 (base 12) in base 5?
-404314010
-13012434 (base 5) to base 4
-132300222
What is 1110000000110000 (base 2) in base 5?
3314032
What is 10201132 (base 4) in base 5?
1043101
6630b (base 13) to base 8
551352
-2a1c6 (base 15) to base 8
-410363
Convert 506903 (base 11) to base 4.
3012303331
What is -1071202 (base 10) in base 4?
-10011201202
Convert 12202221101200 (base 3) to base 12.
1040316
What is 11030333031 (base 4) in base 8?
5147715
103142111 (base 6) to base 10
1833019
What is -3781165 (base 10) in base 14?
-705d93
-208239 (base 10) to base 13
-73a25
Convert -11424858 (base 9) to base 7.
-65215220
Convert 21012100021 (base 3) to base 7.
1130023
-30013100212 (base 4) to base 13
-872494
-20304103 (base 5) to base 11
-103919
What is -12a94 (base 13) in base 11?
-24136
Convert 233b33 (base 13) to base 2.
11001100010010011001
What is 26326631 (base 8) in base 15?
7b159a
-10111000011001110110110 (base 2) to base 9
-12328734
What is 101110010111101100001111 (base 2) in base 5?
11102440123
4224034 (base 5) to base 16
11377
-10300032 (base 7) to base 14
-18a719
What is -101004303 (base 6) in base 16?
-1a5b0f
-11000002001211 (base 3) to base 6
-113332251
65834 (base 11) to base 5
11024011
10334 (base 14) to base 9
58508
-b4513 (base 13) to base 16
-4f0ec
Convert -1110011011111101111110 (base 2) to base 4.
-32123331332
80019 (base 14) to base 7
2420032
321222102 (base 4) to base 12
b4816
-264412 (base 9) to base 8
-471713
Convert 111325220 (base 6) to base 7.
23165652
What is 5ab973 (base 12) in base 4?
11213112213
What is -88504 (base 11) in base 8?
-372601
What is -8a3505 (base 11) in base 9?
-2633456
Convert 1012201002210 (base 3) to base 11.
3aa757
20033305 (base 6) to base 2
10001001110100101001
-25996 (base 16) to base 8
-454626
19587 (base 11) to base 16
6ab8
What is 200311223023 (base 4) in base 8?
40655313
11202202102 (base 3) to base 9
152672
914333 (base 12) to base 15
2ebd3c
What is 304622 (base 9) in base 14?
49b3b
89428